{"id":5572,"date":"2026-04-14T16:42:38","date_gmt":"2026-04-14T16:42:38","guid":{"rendered":"https:\/\/sioimmobiliare.it\/inserzioni\/wdk-listing\/appartamento-in-vendita-matera-zona-centro-2\/"},"modified":"2026-04-14T16:42:38","modified_gmt":"2026-04-14T16:42:38","slug":"appartamento-in-vendita-matera-zona-centro-2","status":"publish","type":"wdk-listing","link":"https:\/\/sioimmobiliare.it\/inserzioni\/wdk-listing\/appartamento-in-vendita-matera-zona-centro-2\/","title":{"rendered":"Appartamento in Vendita \u2013 Matera, Zona Centro"},"content":{"rendered":"<p>Nella centralissima via Don Giovanni Minzoni la Sioimmobiliare propone in vendita un\u2019 abitazione di circa 109 mq commerciali. L\u2019appartamento \u00e8 situato al piano rialzato di un edificio condominiale e si compone di: ampia zona living con cucina, due camere da letto ed un bagno.<br \/>\nL\u2019immobile gode inoltre di una corte interna ad uso esclusivo che ne conferisce un valore aggiunto, data la scarsa possibilit\u00e0 di trovare abitazioni con un giardino di pertinenza in una zona cos\u00ec centrale della citt\u00e0.<br \/>\nCompleta la propriet\u00e0 una cantina di circa 30 mq, completa di bagno, presente nel seminterrato del condominio.<br \/>\nSi precisa che l\u2019appartamento \u00e8 stato completamente ristrutturato nel 2021.<\/p>\n","protected":false},"excerpt":{"rendered":"<p>Nella centralissima via Don Giovanni Minzoni la Sioimmobiliare propone in vendita un\u2019 abitazione di circa 109 mq commerciali. L\u2019appartamento \u00e8 situato al piano rialzato di un edificio condominiale e si compone di: ampia zona living con cucina, due camere da letto ed un bagno. L\u2019immobile gode inoltre di una corte interna ad uso esclusivo che [&hellip;]<\/p>\n","protected":false},"author":6,"featured_media":0,"template":"","meta":[],"_links":{"self":[{"href":"https:\/\/sioimmobiliare.it\/inserzioni\/wp-json\/wp\/v2\/wdk-listing\/5572"}],"collection":[{"href":"https:\/\/sioimmobiliare.it\/inserzioni\/wp-json\/wp\/v2\/wdk-listing"}],"about":[{"href":"https:\/\/sioimmobiliare.it\/inserzioni\/wp-json\/wp\/v2\/types\/wdk-listing"}],"author":[{"embeddable":true,"href":"https:\/\/sioimmobiliare.it\/inserzioni\/wp-json\/wp\/v2\/users\/6"}],"version-history":[{"count":4,"href":"https:\/\/sioimmobiliare.it\/inserzioni\/wp-json\/wp\/v2\/wdk-listing\/5572\/revisions"}],"predecessor-version":[{"id":5598,"href":"https:\/\/sioimmobiliare.it\/inserzioni\/wp-json\/wp\/v2\/wdk-listing\/5572\/revisions\/5598"}],"wp:attachment":[{"href":"https:\/\/sioimmobiliare.it\/inserzioni\/wp-json\/wp\/v2\/media?parent=5572"}],"curies":[{"name":"wp","href":"https:\/\/api.w.org\/{rel}","templated":true}]}}

<p>Nella centralissima via Don Giovanni Minzoni la Sioimmobiliare propone in vendita un’ abitazione di circa 109 mq commerciali. L’appartamento è situato al piano rialzato di un edificio condominiale e si compone di: ampia zona living con cucina, due camere da letto ed un bagno.<br />
L’immobile gode inoltre di una corte interna ad uso esclusivo che ne conferisce un valore aggiunto, data la scarsa possibilità di trovare abitazioni con un giardino di pertinenza in una zona così centrale della città.<br />
Completa la proprietà una cantina di circa 30 mq, completa di bagno, presente nel seminterrato del condominio.<br />
Si precisa che l’appartamento è stato completamente ristrutturato nel 2021.</p>

<p>Nella centralissima via Don Giovanni Minzoni la Sioimmobiliare propone in vendita un’ abitazione di circa 109 mq commerciali. L’appartamento è situato al piano rialzato di un edificio condominiale e si compone di: ampia zona living con cucina, due camere da letto ed un bagno. L’immobile gode inoltre di una corte interna ad uso esclusivo che [&hellip;]</p>
